 Suppose q = 7*a - 1793. Is a a prime number?
True
Let t = 109804 - -391405. Is t prime?
True
Let f(p) = 97*p + 487. Let g be f(-5). Suppose 5*a - k - 26 = 0, 5*k + 9 + 21 = 5*a. Suppose 848 = 4*o - g*r, 1045 = a*o + 7*r - 2*r. Is o prime?
True
Let b(t) = 86*t**2 - 23*t - 36. Let h be b(-18). Suppose 0 = 3*w + 3*z + h - 85929, -4*z = -w + 19239. Is w prime?
True
Suppose -26 = -7*h + 65. Suppose -254219 = -h*i - 10*i. Is i a prime number?
False
Let l(y) = -7*y**3 + 4*y**2 + 50*y + 8. Let d be ((-52)/(-78))/((-4)/54). Is l(d) a composite number?
True
Let v be 6/2 + 4/(-11 - -7). Is v*(5/10 + 9306 + 2) a composite number?
False
Let j(r) = r**3 - 24*r**2 + 47*r + 31. Suppose -64 = -3*k - 2*t, -k = -3*k + 2*t + 46. Is j(k) prime?
True
Is (-97)/19 + (-44)/(-418) - (-629968 + 0) a prime number?
True
Suppose 401 + 1435 = -9*y. Let q = y + -2227. Let g = q - -3470. Is g composite?
False
Let c be (-2)/6*(-57)/(-38)*-58. Suppose c*r - 247241 + 30292 = 0. Is r a prime number?
True
Let m be 1 + 12/(-10) + (-33716)/20. Let p = m + 4453. Is p composite?
False
Suppose 0 = -6*p + 8*p - 130. Let o = p + -63. Suppose 3*i + x = 8445, -o*i - i + 8445 = 4*x. Is i a prime number?
False
Let u = 5 - 5. Suppose -179 + 11 = -12*g. Suppose g*t - 49 - 4053 = u. Is t composite?
False
Let b = -13 + 54. Suppose b*i - 45*i + 29608 = 0. Is i a prime number?
False
Let l = -56 - -19. Let z = l + 41. Suppose -463 = -z*o + 429. Is o composite?
False
Let g(r) = r**3 + r**2 + r + 1. Let v(n) = -4*n**3 - 9*n**2 - n + 7. Let u(q) = 3*g(q) + v(q). Let b = 571 + -580. Is u(b) composite?
True
Suppose 5*r - 640 = -5*j, -9*j + 5 = -8*j. Let y = r + -121. Suppose -y*p = 11*p - 62179. Is p prime?
True
Let u = 15186 + -31069. Let l = u - -23504. Is l a composite number?
False
Let g = 2691 + 2435. Is (-1 + 3/2)/1*g composite?
True
Suppose -5*z + 148 = -372. Suppose -18 = z*i - 107*i. Is (-10855)/(-7) + i/21 - -2 a prime number?
True
Suppose 3*l + 3*m = 99, -5*l + m = -2*l - 107. Suppose l*j = 39*j + 16. Is (1318/j*4)/(-2) prime?
True
Suppose -481 + 121 = 5*i. Let a = -68 - i. Is 2/(-8) - (-4277)/a prime?
True
Let d = 4984 + -5335. Suppose 3*s - 3*i - 2196 = 0, 4148 = 5*s + 2*i + 502. Let y = d + s. Is y composite?
False
Let v(b) = -4781*b - 487. Is v(-18) prime?
True
Let i(p) = 20*p**2 - 19*p + 31. Let a be i(15). Suppose -q + m + 2098 = 0, 3*q + 5*m = a + 2056. Is q composite?
False
Suppose 3*m + 4*l = 270939, 3*l + 361252 = -26*m + 30*m. Is m a prime number?
True
Let r(g) = 40*g + 3*g + 7 + 65*g. Suppose 0*s - 10 = -2*j - 4*s, -4*s = -3*j + 25. Is r(j) prime?
False
Suppose 0 = -13*p + 5*p + 208. Suppose -9 = 29*n - p*n. Is ((-19495)/10)/(n/(-6)*-1) a prime number?
False
Let b(h) = 5*h**2 + 40*h + 4. Let v be b(-8). Suppose -2*o + 4123 = 5*z, -5*z + 3485 = -v*o + 11656. Is o a composite number?
True
Let l(j) be the third derivative of j**5/60 + 7*j**4/24 - 2*j**3/3 - 11*j**2. Let t be l(-8). Is 749/3*12/t prime?
False
Suppose 105*k = 47*k + 54*k + 247052. Is k a composite number?
True
Let s(a) = 3*a**3 - 14*a**2 - 5*a - 12. Let n be s(5). Is (-120753)/n - 4/(-16) prime?
False
Suppose 1003*o - 1516034 = 977*o. Is o prime?
True
Let v = 119 + 90. Let a = 414 - v. Is a a prime number?
False
Let v(a) = a**2 - 20*a - 152. Let h be v(-6). Suppose 4*j + 1513 = 5*j + 4*i, -j = -h*i - 1521. Is j a prime number?
False
Let b(k) = 704*k**3 - 8*k**2 - 2*k + 7. Is b(3) a prime number?
False
Let b be 3/9 - (-8)/(-12)*-1. Is b + (-35526)/(-4) - 45/90 prime?
False
Suppose y + 15 = i, 22*y = 26*y. Is 2/4 + (-1515)/(-2)*i a prime number?
False
Let l(c) be the third derivative of -187*c**4/24 + 40*c**3/3 - 5*c**2 + 5*c. Is l(-17) a composite number?
False
Let p = -95 - -101. Let k(d) = 30*d**3 + 8*d**2 - d - 8. Let s be k(p). Suppose -12*z = -23*z + s. Is z composite?
True
Let x(h) = -171*h + 785. Is x(-34) a composite number?
False
Let k(s) = -11 - 3 - 13 + 58*s. Suppose 4*w = -16 + 44. Is k(w) a prime number?
True
Is -7 - ((6 - (-6)/(-1)) + -277938) prime?
False
Let c(f) be the first derivative of -f**4 + f**3 + 7*f**2/2 - 27*f - 200. Is c(-8) prime?
False
Let a = -87 - -66. Let z(i) = 232*i**2 - 2*i - 2. Let f be z(-1). Let k = f + a. Is k composite?
False
Let w = 1745114 - 907863. Is w composite?
True
Let g = 80836 - 6897. Is g a prime number?
True
Suppose -3*u + 10 = 2*u + 5*r, -3*u + 5 = 4*r. Suppose 0 = o - 434 - 1316. Suppose -4*s - o = -2*w, -u*s - 1558 = -2*w + 193. Is w a prime number?
True
Let n = 428853 + 253388. Is n prime?
False
Let r be 6/(-8) + (-2 - (-214)/8). Let n be 0 + 14/6 - 8/r. Suppose -n*o + 543 = k, -o + 1621 = 3*k - 3*o. Is k composite?
False
Let w(m) = 259*m - 19. Let a be w(3). Let i be 2 - (0 + 2) - -63. Let g = i + a. Is g a prime number?
True
Suppose -122*p + 269*p - 21895760 = 131*p. Is p a prime number?
False
Let z be (-1 + 13408/(-6))/((-10)/30). Let b = z + 5766. Is b prime?
True
Let x(u) be the first derivative of 3*u**4/4 - 5*u**3/3 + 3*u**2 + u - 158. Is x(20) a prime number?
False
Let f = 247 - 245. Is 11464/16 + 3/f prime?
False
Suppose 0 = 2*p - 5*a - 4, -59 + 19 = 3*p + 4*a. Let f(b) = b**3 + 29*b**2 + 9*b - 13. Is f(p) prime?
True
Let p be (1348/6 - -2)*(-24)/16. Is ((-5469)/5)/(204/p) prime?
True
Suppose 79*l - 4997114 = 10946192. Is l a composite number?
True
Suppose 28 = -4*a + 11*a. Let q(s) = 13*s**3 + 7*s**2 - 5*s. Let w be q(a). Let v = w + -7. Is v composite?
True
Suppose -4*i = 4*o - 412, -4*i + 0*o = o - 427. Suppose -9*z + 4*z = -5, 0 = 4*q + 2*z + 134. Let k = q + i. Is k a prime number?
False
Suppose 4*h - 2388 = 4*t, 4*h = -4*t - 213 + 2593. Suppose -2*j = -174 - h. Suppose 8*m - j = 3*m. Is m prime?
False
Let z(t) = 2934*t**3 + 3*t**2 - 4*t + 6. Let x(o) = 14671*o**3 + 16*o**2 - 20*o + 31. Let i(s) = -2*x(s) + 11*z(s). Is i(1) a prime number?
False
Let h be (-6)/(-8) - 147/(-28). Suppose 2*x + j = -2 + h, x = j - 1. Is (-7 - -1104)*(x - 0) a composite number?
False
Let w = -333 + 198. Let c = -64 - w. Suppose -c - 35 = -2*i. Is i a prime number?
True
Suppose -3*g - 2933 + 293 = 0. Let r be -4 - (-3126)/((10*16/20)/4). Let k = r + g. Is k a prime number?
False
Let i(u) = -44*u**2 + 9*u - 7. Let v be i(1). Let f(r) = -2*r + 151. Is f(v) prime?
False
Let p(m) = 0*m**3 - 57*m + 1272*m**2 - m**3 - 83 - 1224*m**2 - 38. Is p(43) a composite number?
False
Let c = -21 + 23. Suppose -2*f - 88 = 5*j, -f = -5*j - 60 - 31. Is (-447)/j*c*(4 - 1) a composite number?
False
Let a = 59 - -23. Let l = 172 - a. Suppose 3*w - 460 = -c, c + 4*w = 551 - l. Is c a composite number?
False
Let f = 59325 - 23566. Is f a prime number?
True
Let b be 1 - (-20)/(-4) - (0 - 904). Let r = -233 + b. Is r prime?
False
Let x(i) = -94*i + 1457. Is x(-59) a prime number?
False
Is 1364030/2 + -17 + 1 + -2 prime?
True
Let b(s) = -825*s**3 - 5*s**2 - 11*s - 12. Is b(-3) composite?
True
Suppose -53 = 4*u + 4*j - 9, 5*u - 5*j + 25 = 0. Let x(w) = 7*w**2 + 17*w - 19. Is x(u) composite?
False
Let a(q) = 1830*q - 1. Let w be a(1). Suppose 3*u = -4*t + 3613, u + 2*u = 2*t - w. Is t composite?
False
Let r(m) = 6*m**2 + 14*m + 108. Let n be r(54). Let h = 37257 - n. Is h composite?
True
Let d = -23801 - -42438. Is d prime?
True
Let t(d) = -98*d - 7. Suppose 109 = 4*x - 111. Let y = 48 - x. Is t(y) prime?
False
Suppose 2*z - 7 = -2*r + 3*r, -4*r = -2*z + 10. Suppose 2*s - 5*k = 7982, z*k - 8014 = 11*s - 13*s. Is s prime?
True
Suppose -4*n = -4*p + 1004376, 3*p - 702069 = 2*n + 51212. Is p prime?
False
Let x = -5166 - -2843. Let a = -1637 - -521. Let l = a - x. Is l composite?
True
Suppose 0*s - 177 = 5*s + 2*j, -5*s - 172 = -3*j. Let y be 189/s - 6/(-15). Is 1146/4 - y/10 prime?
False
Is (-8 + 4 - -3) + -8*(16 - 725) a prime number?
False
Is (-6)/(0 + 0 + 1) - -5*58643 a composite number?
True
Let r = 383415 - 233569. Is r a prime number?
False
Suppose -812214 = -4*n + z, 5*z - 275193 = -2*n + 130903. Is n a composite number?
True
Let a = 1749131 + -1027792. Is a a composite number?
True
Let m be (-1 + -8014)*(84/(-30) - -2). Let p = m - 789. Is p prime?
True
Is (-4)/(-230)*5 - 28086389/(-437) prime?
True
Let o = 41581 + 31845. Is o composite?
True
Suppose 375764 - 2050817 = -27*y. Is y composite?
False
Let c = -190322 + 269893. Is c composite?
True
Let h(c) = -590*c**2 - 5*c - 5. Let q be h(3). Le